{"id":352,"date":"2026-03-05T00:14:43","date_gmt":"2026-03-04T22:14:43","guid":{"rendered":"https:\/\/www.intraders.org\/turkce\/?page_id=352"},"modified":"2026-03-05T00:27:32","modified_gmt":"2026-03-04T22:27:32","slug":"indeksler","status":"publish","type":"page","link":"https:\/\/www.intraders.org\/turkce\/indeksler\/","title":{"rendered":"INDEX"},"content":{"rendered":"\n<p>Konferans kitaplar\u0131m\u0131z EBSCO ve ProQuest e-kitap veritabanlar\u0131nda indekslenmektedir.<\/p>\n\n\n\n<p>Ar\u015fiv sayfam\u0131z (<a href=\"http:\/\/www.intraders.org\/archive\">www.intraders.org\/archive<\/a>) i\u00e7in EBSCO ve ProQuest ile bir anla\u015fmam\u0131z bulunmaktad\u0131r. Yay\u0131nlad\u0131\u011f\u0131m\u0131z\/ar\u015fivimizde bulunan uluslararas\u0131 kitaplar (kitap b\u00f6l\u00fcmleri), kongre \u00f6zetleri ve tam metin kitaplar, EBSCO ve ProQuest taraf\u0131ndan payda\u015flar\u0131na a\u00e7\u0131k eri\u015fim ve \u00fccretsiz olarak sunulmaktad\u0131r.<\/p>\n\n\n\n<p>*<strong>\u0130lgililerin Dikkatine;<\/strong><br>\u201cKonferans \u00f6zetlerini ve bildiri kitaplar\u0131n\u0131 yay\u0131nlamay\u0131 tamamlad\u0131ktan sonra, bir sonraki etkinlik i\u00e7in web sitelerimizi g\u00fcncelliyoruz. Konferans kitaplar\u0131nda, y\u00f6netim kurulu listelerini, kabul edilenler listelerini ve program\u0131 belirtiyoruz.\u201d<\/p>\n\n\n\n<p><strong><a href=\"https:\/\/www.intraders.org\/turkce\/intraders-dergisi\/\">InTraders International Trade Academic Journal <\/a><\/strong>((indexed in:&nbsp;<strong><a href=\"https:\/\/search.trdizin.gov.tr\/tr\/dergi\/detay\/3430\">&nbsp;TRDizin<\/a>,<\/strong>&nbsp;<a href=\"https:\/\/atif.sobiad.com\/index.jsp?modul=journals-detail&amp;ID=KTL3mIoBQzmg-9NM9uSa\">SOB\u0130AD<\/a>,&nbsp;<a href=\"https:\/\/www.ebsco.com\/m\/ee\/Marketing\/titleLists\/bth-journals.htm\">EBSCOhost <\/a>,&nbsp;<a href=\"https:\/\/kanalregister.hkdir.no\/publiseringskanaler\/erihplus\/periodical\/info.action?id=503769\">ERIH PLUS<\/a>, <a href=\"https:\/\/v2.sherpa.ac.uk\/id\/publication\/44835\">Sherpa Romeo<\/a>)<\/p>\n","protected":false},"excerpt":{"rendered":"<p>Konferans kitaplar\u0131m\u0131z EBSCO ve ProQuest e-kitap veritabanlar\u0131nda indekslenmektedir. Ar\u015fiv sayfam\u0131z (www.intraders.org\/archive) i\u00e7in EBSCO ve ProQuest ile bir anla\u015fmam\u0131z bulunmaktad\u0131r. Yay\u0131nlad\u0131\u011f\u0131m\u0131z\/ar\u015fivimizde bulunan uluslararas\u0131 kitaplar (kitap b\u00f6l\u00fcmleri), kongre \u00f6zetleri ve tam metin kitaplar, EBSCO ve ProQuest taraf\u0131ndan payda\u015flar\u0131na a\u00e7\u0131k eri\u015fim ve \u00fccretsiz olarak sunulmaktad\u0131r. *\u0130lgililerin Dikkatine;\u201cKonferans \u00f6zetlerini ve bildiri kitaplar\u0131n\u0131 yay\u0131nlamay\u0131 tamamlad\u0131ktan sonra, bir sonraki etkinlik i\u00e7in &#8230; <a title=\"INDEX\" class=\"read-more\" href=\"https:\/\/www.intraders.org\/turkce\/indeksler\/\">Read more<\/a><\/p>\n","protected":false},"author":1,"featured_media":0,"parent":0,"menu_order":0,"comment_status":"closed","ping_status":"closed","template":"","meta":{"generate_page_header":"","footnotes":""},"class_list":["post-352","page","type-page","status-publish"],"_links":{"self":[{"href":"https:\/\/www.intraders.org\/turkce\/wp-json\/wp\/v2\/pages\/352","targetHints":{"allow":["GET"]}}],"collection":[{"href":"https:\/\/www.intraders.org\/turkce\/wp-json\/wp\/v2\/pages"}],"about":[{"href":"https:\/\/www.intraders.org\/turkce\/wp-json\/wp\/v2\/types\/page"}],"author":[{"embeddable":true,"href":"https:\/\/www.intraders.org\/turkce\/wp-json\/wp\/v2\/users\/1"}],"replies":[{"embeddable":true,"href":"https:\/\/www.intraders.org\/turkce\/wp-json\/wp\/v2\/comments?post=352"}],"version-history":[{"count":3,"href":"https:\/\/www.intraders.org\/turkce\/wp-json\/wp\/v2\/pages\/352\/revisions"}],"predecessor-version":[{"id":356,"href":"https:\/\/www.intraders.org\/turkce\/wp-json\/wp\/v2\/pages\/352\/revisions\/356"}],"wp:attachment":[{"href":"https:\/\/www.intraders.org\/turkce\/wp-json\/wp\/v2\/media?parent=352"}],"curies":[{"name":"wp","href":"https:\/\/api.w.org\/{rel}","templated":true}]}}