{"id":278,"date":"2026-02-09T15:48:53","date_gmt":"2026-02-09T13:48:53","guid":{"rendered":"https:\/\/www.intraders.org\/turkce\/?page_id=278"},"modified":"2026-02-09T15:48:53","modified_gmt":"2026-02-09T13:48:53","slug":"yazar-rehberi-yazim-kurallari","status":"publish","type":"page","link":"https:\/\/www.intraders.org\/turkce\/yazar-rehberi-yazim-kurallari\/","title":{"rendered":"Yazar Rehberi (Yaz\u0131m Kurallar\u0131)"},"content":{"rendered":"\n<p>1- InTraders sadece \u0130ngilizce makaleler yay\u0131mlanmaktad\u0131r. Dergiye g\u00f6nderilen makaleler ba\u015fka bir yerde yay\u0131mlanmam\u0131\u015f\/sunulmam\u0131\u015f veya yay\u0131mlanmak\/sunulmak \u00fczere g\u00f6nderilmemi\u015f olmal\u0131d\u0131r. Sadece InTraders Akademik Platformu taraf\u0131ndan d\u00fczenlenen bilimsel etkinliklerde s\u00f6zl\u00fc olarak sunulan ve yaz\u0131l\u0131 olarak tam metni bas\u0131lmam\u0131\u015f \u00e7al\u0131\u015fmalar yay\u0131nlanmak \u00fczere g\u00f6nderilebilir.<\/p>\n\n\n\n<p>2.\u00a0Makalelerde yap\u0131lan at\u0131flar i\u00e7in APA 7 sistemi kullan\u0131lmal\u0131d\u0131r.<\/p>\n\n\n\n<p>3. Yaz\u0131lar A4 boyutunda k\u00e2\u011f\u0131da, 1,5 aral\u0131kla, Times New Roman karakterinde, 12 punto ile ve 20 sayfay\u0131 ge\u00e7meyecek \u015fekilde yaz\u0131lmal\u0131d\u0131r. DergiPark platformu d\u0131\u015f\u0131ndan yap\u0131lan g\u00f6nderiler kesinlikle kabul edilmemektedir.<br><br>4.&nbsp;Yazar Bilgi Dosyas\u0131: Makalede yazar\/lara ait hi\u00e7bir bilgi yer almamal\u0131d\u0131r. (Makalenin 2 k\u00f6r hakem s\u00fcrecinin ba\u015flat\u0131lmas\u0131nda yazardan gelen dosya kullan\u0131lmaktad\u0131r. Dolay\u0131s\u0131 ile yazar\/lara ait bilgiler ayr\u0131 bir Word sayfas\u0131nda belirtilmeli ve sisteme y\u00fcklenmelidir. Ayr\u0131 Word sayfas\u0131nda T\u00fcrk\u00e7e ve \u0130ngilizce olarak \u015fu bilgiler yer almal\u0131d\u0131r: (i) yaz\u0131n\u0131n ba\u015fl\u0131\u011f\u0131; (ii) yazar(lar)\u0131n ad\u0131 ve akademik \u00fcnvan\u0131, (iii) ORCID ID numaralar\u0131; (iv) yazar(lar)\u0131n ba\u011fl\u0131 bulundu\u011fu kurumun adresi;(v) anahtar s\u00f6zc\u00fckler ile (vi) \u00e7al\u0131\u015fman\u0131n JEL kodlar\u0131, (vii) e-mail adresi, (viii)telefon numaras\u0131 +.. \u015feklinde belirtilmelidir. \u00d6zet, 250 kelime \u00fcst s\u0131n\u0131r\u0131n\u0131 ge\u00e7memelidir. (T\u00fcrk\u00e7e ve \u0130ngilizce \u00f6zetlerde kelime say\u0131lar\u0131 farkl\u0131l\u0131k g\u00f6stermesi normaldir.). T\u00fcrk\u00e7e \u00e7al\u0131\u015fmalarda \u0130ngilizce \u00f6zet zorunludur. \u0130ngilizce \u00e7al\u0131\u015fmalarda T\u00fcrk\u00e7e \u00f6zet eklenmemelidir.<br><br>5. Tablo, \u015fekil ve grafiklere ba\u015fl\u0131k ve numara verilmeli, ba\u015fl\u0131klar tablo, \u015fekil ve grafiklerin \u00fczerinde yer almal\u0131, kaynaklar ise tablo, \u015fekil ve grafiklerin alt\u0131na yaz\u0131lmal\u0131d\u0131r. Rakamlarda ondal\u0131k kesirler virg\u00fcl ile ayr\u0131lmal\u0131d\u0131r. Denklemlere verilecek s\u0131ra numaras\u0131 parantez i\u00e7inde sayfan\u0131n en sa\u011f\u0131nda ve parantez i\u00e7inde yer almal\u0131d\u0131r. Denklemlerin t\u00fcretili\u015fi, yaz\u0131da a\u00e7\u0131k\u00e7a g\u00f6sterilmemi\u015fse, hakemlerin de\u011ferlendirmesi i\u00e7in, t\u00fcretme i\u015flemi b\u00fct\u00fcn basamaklar\u0131yla ayr\u0131 bir sayfada verilmelidir.<br><br>6 Yaz\u0131larda yap\u0131lan at\u0131flara ili\u015fkin dipnotlar sayfa alt\u0131nda yer almal\u0131d\u0131r.<\/p>\n\n\n\n<p>7. Metnin sonunda KAYNAK\u00c7A ba\u015fl\u0131\u011f\u0131 alt\u0131nda \u00e7al\u0131\u015fmada kullan\u0131lan kaynaklar\u0131n bir listesi verilir. \u00c7al\u0131\u015fmada kullan\u0131lan referanslar\u0131n listelendi\u011fi bu kaynak\u00e7a, yazar soyad\u0131 s\u0131ralamas\u0131na g\u00f6re ve alfabetik olarak haz\u0131rlan\u0131r.<br><br>8.&nbsp; Kaynaklara g\u00f6ndermeler dipnotlarla de\u011fil, metin i\u00e7inde, sayfa numaralar\u0131n\u0131 da i\u00e7ererek, a\u015fa\u011f\u0131daki \u00f6rneklerde g\u00f6sterildi\u011fi gibi yap\u0131lmal\u0131d\u0131r.<\/p>\n\n\n\n<p>9. Sisteme eklenecek yaz\u0131lar\u0131n sayfa d\u00fczeninin yazar taraf\u0131ndan ve \u015fu de\u011ferlere uygun bir bi\u00e7imde yap\u0131lm\u0131\u015f olmas\u0131 gerekir:&nbsp;&nbsp;&nbsp;&nbsp;&nbsp;&nbsp;&nbsp;&nbsp;K\u00e2\u011f\u0131t Boyutu: A4 Dikey (Makalede yatay sayfalara yer verilmemeli)&nbsp;&nbsp;<\/p>\n\n\n\n<p>\u00dcst Kenar Bo\u015fluk: 2,5 cm<br>Alt Kenar Bo\u015fluk: 2,5 cm<br>Sol Kenar Bo\u015fluk: 2,5 cm<br>Sa\u011f Kenar Bo\u015fluk: 2,5 cm<br>Yaz\u0131 Tipi: Times New Roman<br>Yaz\u0131 Boyutu: Ba\u015fl\u0131kta 12 ve kal\u0131n, metinde 12, \u00f6zetlerde 12 ve dipnotlarda 10 punto<br>Paragraf Aral\u0131\u011f\u0131: \u00d6nce 6 nk \u2013 sonra 6 nk, \u00d6zetlerde (\u00d6zetlerin de okuyucu taraf\u0131ndan rahat okunabilmesi hedeflenmektedir.): \u00d6nce 6 nk \u2013 sonra 6 nk<br>Sat\u0131r Aral\u0131\u011f\u0131: 1,5<\/p>\n\n\n\n<p>10. Makale metninde paragraf ba\u015f\u0131 yap\u0131lmamal\u0131, paragraf aralar\u0131 1 sat\u0131r (\u00d6nce:6nk Sonra:6nk) bo\u015fluk b\u0131rak\u0131larak belirginle\u015ftirilmelidir (Ofis\u2019te Paragraf-Girinti ve Aral\u0131klar, Aral\u0131k-\u00d6nce-6; Sonra-6 nk).<\/p>\n\n\n\n<p><br>11. B\u00f6l\u00fcm Ba\u015fl\u0131klar\u0131: Makalede, d\u00fczenli bir bilgi aktar\u0131m\u0131 sa\u011flamak \u00fczere ana, ara ve alt ba\u015fl\u0131klar kullan\u0131labilir; Ba\u015fl\u0131klar numaraland\u0131r\u0131lmamal\u0131d\u0131r.<br><br>12. Tablolar ve \u015eekiller: Tablolar\u0131n numaras\u0131 ve ba\u015fl\u0131\u011f\u0131 bulunmal\u0131d\u0131r. Tablolar metin i\u00e7inde bulunmas\u0131 gereken yerlerde olmal\u0131d\u0131r. \u015eekiller renkli bask\u0131ya uygun haz\u0131rlanmal\u0131d\u0131r. \u015eekil numaralar\u0131 ve adlar\u0131 \u015feklin hemen alt\u0131na ortal\u0131 \u015fekilde yaz\u0131lmal\u0131d\u0131r.<br><br>13 Resimler: Y\u00fcksek \u00e7\u00f6z\u00fcn\u00fcrl\u00fckl\u00fc, bask\u0131 kalitesinde taranm\u0131\u015f halde metin i\u00e7erisindeki yerlerinde verilmelidir. Resim adland\u0131rmalar\u0131nda, \u015fekil ve \u00e7izelgelerdeki kurallara uyulmal\u0131d\u0131r.<br><br>14. InTraders Dergisi Yay\u0131n \u0130lkeleri\u2019ne herhangi bir a\u00e7\u0131dan uygunluk arz etmeyen yaz\u0131lar de\u011ferlendirilmeye al\u0131nmaz.<br><br><strong>\u00d6RNEK YAZIMLAR<br><br>K\u0130TAPLAR<br><\/strong><br>Tek Yazarl\u0131 Kitaplar\u0131n Kaynak\u00e7ada Yaz\u0131lma \u015eekilleri<br><br>Soyad, Ad\u0131n \u0130lk Harfi. (Yay\u0131m Y\u0131l\u0131). Kitab\u0131n Ad\u0131, Yay\u0131m Yeri, \u015eehir.<br><br><br>\u0130ki Yazarl\u0131 Kitaplar\u0131n Kaynak\u00e7ada Yaz\u0131lma \u015eekilleri<br><br>Soyad, Ad\u0131n \u0130lk Harfi. &amp; Soyad, Ad\u0131n \u0130lk Harfi. (Yay\u0131m Y\u0131l\u0131). Kitab\u0131n Ad\u0131, Yay\u0131m Yeri, \u015eehir.<br><br><br>\u00dc\u00e7 ve Daha Fazla Yazarl\u0131 Kitaplar\u0131n Kaynak\u00e7ada Yaz\u0131lma \u015eekilleri<br><br>Soyad, Ad\u0131n \u0130lk Harfi.; Soyad, Ad\u0131n \u0130lk Harfi. &amp; Soyad, Ad\u0131n \u0130lk Harfi. (Yay\u0131m Y\u0131l\u0131). Kitab\u0131n Ad\u0131, Yay\u0131m Yeri, \u015eehir.<br><br><br>\u00c7eviri Kitaplar\u0131n Kaynak\u00e7ada Yaz\u0131lma \u015eekilleri<br><br>Soyad, Ad\u0131n \u0130lk Harfi. (Yay\u0131m Y\u0131l\u0131). Kitab\u0131n Ad\u0131 (\u00c7ev. \/ Haz.), Yay\u0131m Yeri, \u015eehir.<br><br><br>Edit\u00f6rl\u00fc Kitaplar\u0131n Kaynak\u00e7ada Yaz\u0131lma \u015eekilleri<br><br>Soyad, Ad\u0131n \u0130lk Harfi. (Yay\u0131m Y\u0131l\u0131). \u201cB\u00f6l\u00fcm Ad\u0131\u201d (Ed. Edit\u00f6r\u00fcn Ad\u0131 Soyad\u0131), Kitab\u0131n Ad\u0131, ss.Sayfa Aral\u0131\u011f\u0131, Yay\u0131m Yeri, \u015eehir.<br><br><br>Yazar\u0131 Belirtilmemi\u015f Kitaplar\u0131n Kaynak\u00e7ada Yaz\u0131lma \u015eekilleri<br><br>Eserin Ad\u0131, (Yay\u0131m Y\u0131l\u0131), Yay\u0131m Yeri.<br><br><br><br><strong>MAKALELER<\/strong><br><br>Tek Yazarl\u0131 Makalelerin Kaynak\u00e7ada Yaz\u0131lma \u015eekilleri<br><br>Soyad, Ad\u0131n \u0130lk Harfi. (Tarih). \u201cMakalenin Ad\u0131\u201d, Yay\u0131nland\u0131\u011f\u0131 Dergi Ad\u0131, Cilt(Say\u0131):Sayfa Aral\u0131\u011f\u0131.<br><br><br>\u0130ki Yazarl\u0131 Makalelerin Kaynak\u00e7ada Yaz\u0131lma \u015eekilleri<br><br>Soyad, Ad\u0131n \u0130lk Harfi. &amp; Soyad, Ad\u0131n \u0130lk Harfi. (Tarih). \u201cMakalenin Ad\u0131\u201d, Yay\u0131nland\u0131\u011f\u0131 Dergi Ad\u0131, Y\u0131l (Say\u0131): Sayfa Aral\u0131\u011f\u0131.<br><br><br>\u00dc\u00e7 ve Daha Fazla Yazarl\u0131 Makalelerin Kaynak\u00e7ada Yaz\u0131lma \u015eekilleri<br><br>Soyad, Ad\u0131n \u0130lk Harfi.; Soyad, Ad\u0131n \u0130lk Harfi. &amp; Soyad, Ad\u0131n \u0130lk Harfi. (Tarih). \u201cMakalenin Ad\u0131\u201d, Yay\u0131nland\u0131\u011f\u0131 Dergi Ad\u0131, Y\u0131l(Say\u0131):Sayfa Aral\u0131\u011f\u0131.<br><br><br><br><strong>TEZ ve PROJELER<\/strong><br><br>Tez veya Projelerin Kaynak\u00e7ada Yaz\u0131lma \u015eekilleri<br><br>Soyad, Ad\u0131n \u0130lk Harfi. (Tarih). \u201cTez Ad\u0131\u201d, Tez t\u00fcr\u00fc, \u00dcniversite\/Enstit\u00fc, \u015eehir.<br><br><br><br><strong>SEMPOZYUM \/ KONFERANS \/ B\u0130LD\u0130R<\/strong>\u0130<br><br>Sempozyum\/Konferans\/Bildirinin Kaynak\u00e7ada Yaz\u0131lma \u015eekilleri<br><br>Soyad, Ad\u0131n \u0130lk Harfi. (Tarih). \u201cBildiri Ad\u0131\u201d, Etkinli\u011fin Ad\u0131, Etkinlik Tarihi, (Edit\u00f6r. Ad\u0131 Soyad\u0131), Etkinli\u011fi D\u00fczenleyen Kurumun Ad\u0131, Sayfa Aral\u0131\u011f\u0131, \u015eehir.<br><br><br><br><strong>D\u0130\u011eER YAYINLAR<\/strong><br><br>Ansiklopedi Maddelerinin Kaynak\u00e7ada Yaz\u0131lma \u015eekilleri<br><br>Soyad, Ad\u0131n \u0130lk Harfi. (Tarih). \u201cMadde Hali\u201d, Ansiklopedinin Ad\u0131, (Cilt No):Sayfa Aral\u0131\u011f\u0131, \u015eehir.<br><br><br>Gazete Yaz\u0131lar\u0131n\u0131n Kaynak\u00e7ada Yaz\u0131lma \u015eekilleri<br><br>Soyad, Ad\u0131n \u0130lk Harfi. (Tarih). \u201cYaz\u0131n\u0131n Ba\u015fl\u0131\u011f\u0131\u201d, Gazetenin Ad\u0131.<br><br><br>Kurumsal WEB Sayfas\u0131n\u0131n Kaynak\u00e7ada Yaz\u0131lma \u015eekilleri<br><br>Kurum Ad\u0131 K\u0131saltmas\u0131, Kurum Ad\u0131, Web Adresi<\/p>\n","protected":false},"excerpt":{"rendered":"<p>1- InTraders sadece \u0130ngilizce makaleler yay\u0131mlanmaktad\u0131r. Dergiye g\u00f6nderilen makaleler ba\u015fka bir yerde yay\u0131mlanmam\u0131\u015f\/sunulmam\u0131\u015f veya yay\u0131mlanmak\/sunulmak \u00fczere g\u00f6nderilmemi\u015f olmal\u0131d\u0131r. Sadece InTraders Akademik Platformu taraf\u0131ndan d\u00fczenlenen bilimsel etkinliklerde s\u00f6zl\u00fc olarak sunulan ve yaz\u0131l\u0131 olarak tam metni bas\u0131lmam\u0131\u015f \u00e7al\u0131\u015fmalar yay\u0131nlanmak \u00fczere g\u00f6nderilebilir. 2.\u00a0Makalelerde yap\u0131lan at\u0131flar i\u00e7in APA 7 sistemi kullan\u0131lmal\u0131d\u0131r. 3. Yaz\u0131lar A4 boyutunda k\u00e2\u011f\u0131da, 1,5 aral\u0131kla, Times &#8230; <a title=\"Yazar Rehberi (Yaz\u0131m Kurallar\u0131)\" class=\"read-more\" href=\"https:\/\/www.intraders.org\/turkce\/yazar-rehberi-yazim-kurallari\/\">Read more<\/a><\/p>\n","protected":false},"author":1,"featured_media":0,"parent":0,"menu_order":0,"comment_status":"closed","ping_status":"closed","template":"","meta":{"generate_page_header":"","footnotes":""},"class_list":["post-278","page","type-page","status-publish"],"_links":{"self":[{"href":"https:\/\/www.intraders.org\/turkce\/wp-json\/wp\/v2\/pages\/278","targetHints":{"allow":["GET"]}}],"collection":[{"href":"https:\/\/www.intraders.org\/turkce\/wp-json\/wp\/v2\/pages"}],"about":[{"href":"https:\/\/www.intraders.org\/turkce\/wp-json\/wp\/v2\/types\/page"}],"author":[{"embeddable":true,"href":"https:\/\/www.intraders.org\/turkce\/wp-json\/wp\/v2\/users\/1"}],"replies":[{"embeddable":true,"href":"https:\/\/www.intraders.org\/turkce\/wp-json\/wp\/v2\/comments?post=278"}],"version-history":[{"count":1,"href":"https:\/\/www.intraders.org\/turkce\/wp-json\/wp\/v2\/pages\/278\/revisions"}],"predecessor-version":[{"id":279,"href":"https:\/\/www.intraders.org\/turkce\/wp-json\/wp\/v2\/pages\/278\/revisions\/279"}],"wp:attachment":[{"href":"https:\/\/www.intraders.org\/turkce\/wp-json\/wp\/v2\/media?parent=278"}],"curies":[{"name":"wp","href":"https:\/\/api.w.org\/{rel}","templated":true}]}}